{"id":12751,"date":"2021-09-19T15:16:19","date_gmt":"2021-09-19T13:16:19","guid":{"rendered":"http:\/\/www.centre-dermatologique.com\/?post_type=thefutur-portfolio&#038;p=12751"},"modified":"2021-09-30T12:58:40","modified_gmt":"2021-09-30T10:58:40","slug":"vellashape3","status":"publish","type":"thefutur-portfolio","link":"https:\/\/www.centre-dermatologique.com\/index.php\/traitements-laser-esthetiques\/vellashape3\/","title":{"rendered":"Vellashape III"},"content":{"rendered":"\n<div class=\"wp-block-thefuturblocks-pin\"><div class=\"wp-block-thefuturblocks-pin__content active-fb-50 pass-fb-50 r-order\" data-anim=\"anim-t\">\n<div class=\"wp-block-thefuturblocks-pin-active\"><div class=\"wp-block-thefuturblocks-pin-active__holder\">\n<h2 class=\"thefutur-mb-0 wp-block-heading\" style=\"margin-top:32px;margin-bottom:0\">Vellashape III<\/h2>\n\n\n<div>Sorry, Portfolio Taxonomies block is available only for Futur Portfolio<\/div>\n\n\n<p>Sa technologie de remodelage corporel bas\u00e9e sur la radiofr\u00e9quence, permet de retendre la peau et de lutter efficacement contre la cellulite, l&rsquo;aspect peau d&rsquo;orange et le relachement cutan\u00e9e.&nbsp;<br><br>Reconnu par la Food and Drug Administration (FDA) , ce traitement de m\u00e9decine esth\u00e9tique est bas\u00e9 sur une technologie r\u00e9volutionnaire combinant la radiofr\u00e9quence bipolaire, le laser infrarouge et les massages m\u00e9caniques. Non chirurgical et non invasif, il permet de r\u00e9duire la cellulite, de remodeler le corps et de tonifier sa silhouette.<br><br>Cette technique permet de traiter aussi bien la cellulite localis\u00e9e sur les cuisses, les hanches, la culotte de cheval, les fesses ou le ventre. Le m\u00e9canisme utilis\u00e9 non seulement assouplit et dissout les cellules graisseuses, mais favorise \u00e9galement la circulation sanguine, le drainage lymphatique et la cr\u00e9ation de collag\u00e8ne.<br><br>Sans aucun effet secondaire, VelaShape III peut aussi \u00eatre indiqu\u00e9 dans le remodelage post-liposuccion ou pour le traitement de la silhouette apr\u00e8s grossesse.<\/p>\n\n\n\n<div class=\"wp-block-group\"><div class=\"wp-block-group__inner-container is-layout-flow wp-block-group-is-layout-flow\">\n<h5 class=\"wp-block-heading\">Suivez-nous<\/h5>\n\n\n\n<div class=\"wp-block-thefuturblocks-social row-v\" style=\"justify-content:flex-start\" data-hcolor=\"#1f1f1f\"><div class=\"wp-block-thefuturblocks-social__profile\"><a href=\"https:\/\/www.facebook.com\/CLDRCentreLaserDermatologiqueRaphaelois\" target=\"_blank\" rel=\"noopener noreferrer\"><svg aria-hidden=\"true\" role=\"img\" xmlns=\"http:\/\/www.w3.org\/2000\/svg\" width=\"14\" height=\"14\" viewbox=\"0 0 320 512\" class=\"modesticon modesticon-facebook\"><path d=\"M279.14 288l14.22-92.66h-88.91v-60.13c0-25.35 12.42-50.06 52.24-50.06h40.42V6.26S260.43 0 225.36 0c-73.22 0-121.08 44.38-121.08 124.72v70.62H22.89V288h81.39v224h100.17V288z\"><\/path><\/svg><\/a><\/div><div class=\"wp-block-thefuturblocks-social__profile\"><a href=\"https:\/\/www.instagram.com\/cldr83\/\" target=\"_blank\" rel=\"noopener noreferrer\"><svg aria-hidden=\"true\" role=\"img\" xmlns=\"http:\/\/www.w3.org\/2000\/svg\" width=\"14\" height=\"14\" viewbox=\"0 0 24 24\" class=\"modesticon modesticon-instagram\"><path d=\"M12 2.163c3.204 0 3.584.012 4.85.07 3.252.148 4.771 1.691 4.919 4.919.058 1.265.069 1.645.069 4.849 0 3.205-.012 3.584-.069 4.849-.149 3.225-1.664 4.771-4.919 4.919-1.266.058-1.644.07-4.85.07-3.204 0-3.584-.012-4.849-.07-3.26-.149-4.771-1.699-4.919-4.92-.058-1.265-.07-1.644-.07-4.849 0-3.204.013-3.583.07-4.849.149-3.227 1.664-4.771 4.919-4.919 1.266-.057 1.645-.069 4.849-.069zm0-2.163c-3.259 0-3.667.014-4.947.072-4.358.2-6.78 2.618-6.98 6.98-.059 1.281-.073 1.689-.073 4.948 0 3.259.014 3.668.072 4.948.2 4.358 2.618 6.78 6.98 6.98 1.281.058 1.689.072 4.948.072 3.259 0 3.668-.014 4.948-.072 4.354-.2 6.782-2.618 6.979-6.98.059-1.28.073-1.689.073-4.948 0-3.259-.014-3.667-.072-4.947-.196-4.354-2.617-6.78-6.979-6.98-1.281-.059-1.69-.073-4.949-.073zm0 5.838c-3.403 0-6.162 2.759-6.162 6.162s2.759 6.163 6.162 6.163 6.162-2.759 6.162-6.163c0-3.403-2.759-6.162-6.162-6.162zm0 10.162c-2.209 0-4-1.79-4-4 0-2.209 1.791-4 4-4s4 1.791 4 4c0 2.21-1.791 4-4 4zm6.406-11.845c-.796 0-1.441.645-1.441 1.44s.645 1.44 1.441 1.44c.795 0 1.439-.645 1.439-1.44s-.644-1.44-1.439-1.44z\"><\/path><\/svg><\/a><\/div><\/div>\n<\/div><\/div>\n\n\n\n<div class=\"wp-block-thefuturblocks-spacer has-60-height@large has-60-height@medium has-60-height@small\"><\/div>\n<\/div><\/div>\n\n\n\n<div class=\"wp-block-thefuturblocks-pin-passive\">\n<figure class=\"wp-block-gallery columns-1 is-cropped wp-block-gallery-1 is-layout-flex wp-block-gallery-is-layout-flex\"><ul class=\"blocks-gallery-grid\"><li class=\"blocks-gallery-item\"><figure><img decoding=\"async\" width=\"1024\" height=\"576\" src=\"http:\/\/www.centre-dermatologique.com\/wp-content\/uploads\/2021\/09\/minceur-mince-mincir-fesses-_abdo-ventreplat-cuisses-raffermissement-saintraphael-frejus-brignole-draguignan-__5-1024x576.png\" alt=\"\" data-id=\"12636\" data-full-url=\"http:\/\/www.centre-dermatologique.com\/wp-content\/uploads\/2021\/09\/minceur-mince-mincir-fesses-_abdo-ventreplat-cuisses-raffermissement-saintraphael-frejus-brignole-draguignan-__5.png\" data-link=\"http:\/\/www.centre-dermatologique.com\/minceur-mince-mincir-fesses-_abdo-ventreplat-cuisses-raffermissement-saintraphael-frejus-brignole-draguignan-__5\/\" class=\"wp-image-12636\" srcset=\"https:\/\/www.centre-dermatologique.com\/wp-content\/uploads\/2021\/09\/minceur-mince-mincir-fesses-_abdo-ventreplat-cuisses-raffermissement-saintraphael-frejus-brignole-draguignan-__5-1024x576.png 1024w, https:\/\/www.centre-dermatologique.com\/wp-content\/uploads\/2021\/09\/minceur-mince-mincir-fesses-_abdo-ventreplat-cuisses-raffermissement-saintraphael-frejus-brignole-draguignan-__5-300x169.png 300w, https:\/\/www.centre-dermatologique.com\/wp-content\/uploads\/2021\/09\/minceur-mince-mincir-fesses-_abdo-ventreplat-cuisses-raffermissement-saintraphael-frejus-brignole-draguignan-__5-768x432.png 768w, https:\/\/www.centre-dermatologique.com\/wp-content\/uploads\/2021\/09\/minceur-mince-mincir-fesses-_abdo-ventreplat-cuisses-raffermissement-saintraphael-frejus-brignole-draguignan-__5-1536x864.png 1536w, https:\/\/www.centre-dermatologique.com\/wp-content\/uploads\/2021\/09\/minceur-mince-mincir-fesses-_abdo-ventreplat-cuisses-raffermissement-saintraphael-frejus-brignole-draguignan-__5-1200x675.png 1200w, https:\/\/www.centre-dermatologique.com\/wp-content\/uploads\/2021\/09\/minceur-mince-mincir-fesses-_abdo-ventreplat-cuisses-raffermissement-saintraphael-frejus-brignole-draguignan-__5.png 1920w\" sizes=\"(max-width: 1084px) calc(100vw - 1.25rem*2 - 0.625rem*2), 1024px\" \/><\/figure><\/li><\/ul><\/figure>\n<\/div>\n<\/div><\/div>\n\n\n\n<div style=\"height:72px\" aria-hidden=\"true\" class=\"wp-block-spacer\"><\/div>\n\n\n<div>Sorry, Post Navigation block is available only for Posts and Futur Portfolio<\/div>\n\n\n<div style=\"height:84px\" aria-hidden=\"true\" class=\"wp-block-spacer\"><\/div>\n","protected":false},"excerpt":{"rendered":"","protected":false},"author":6,"featured_media":12945,"template":"","format":"standard","meta":{"_thefuturmeta_header_display":true,"_thefuturmeta_header_style":"style-one","_thefuturmeta_header_border":false,"_thefuturmeta_header_main_nav":true,"_thefuturmeta_header_main_nav_pos":"right","_thefuturmeta_header_main_nav_light":false,"_thefuturmeta_header_sec_nav_style":"empty","_thefuturmeta_header_sec_nav":true,"_thefuturmeta_header_sec_nav_light":false,"_thefuturmeta_header_sec_logo":false,"_thefuturmeta_header_bg":"light","_thefuturmeta_header_sticky":true,"_thefuturmeta_header_woo_my_acc_display":false,"_thefuturmeta_header_woo_cart_display":false,"_thefuturmeta_header_woo_icon_light":false,"_thefuturmeta_header_sticky_style":"style-one","_thefuturmeta_header_sticky_main_nav":true,"_thefuturmeta_header_sticky_border":true,"_thefuturmeta_header_sticky_main_nav_pos":"right","_thefuturmeta_header_sticky_main_nav_light":false,"_thefuturmeta_header_sticky_sec_nav_style":"empty","_thefuturmeta_header_sticky_sec_nav":true,"_thefuturmeta_header_sticky_sec_nav_light":false,"_thefuturmeta_header_sticky_sec_logo":false,"_thefuturmeta_header_sticky_bg":"light","_thefuturmeta_header_sticky_woo_my_acc_display":false,"_thefuturmeta_header_sticky_woo_cart_display":false,"_thefuturmeta_header_sticky_woo_icon_light":false,"_thefuturmeta_footer_widget":true,"_thefuturmeta_footer_info":true,"_thefuturmeta_footer_fixed":false,"_thefuturmeta_main_cont_padding_top":90,"_thefuturmeta_main_cont_padding_bot":90,"_thefuturmeta_cursor_circle_light":false,"_thefuturmeta_post_title_visibility":true,"_thefuturmeta_post_title_alignment":"ta-l","_thefuturmeta_post_layout":"","_thefuturmeta_post_static_id":0,"_thefuturmeta_post_loader":false,"_thefuturmeta_post_title_color":"#1f1f1f","_thefuturmeta_post_bg_color":"#f7f8f9","_thefuturmeta_portfolio_cat_visibility":true,"_thefuturmeta_portfolio_meta_feat_image":true,"_thefuturmeta_port_feat_video":0,"_thefuturmeta_port_feat_video_url":"","footnotes":""},"thefutur-portfolio-category":[37,58,35],"thefutur-portfolio-tag":[56,57,54,53,55],"class_list":["post-12751","thefutur-portfolio","type-thefutur-portfolio","status-publish","format-standard","has-post-thumbnail","hentry","thefutur-portfolio-category-corps","thefutur-portfolio-category-minceur","thefutur-portfolio-category-traitements","thefutur-portfolio-tag-cellulite","thefutur-portfolio-tag-peau-dorange","thefutur-portfolio-tag-radiofrequence","thefutur-portfolio-tag-remodelage","thefutur-portfolio-tag-retendre"],"_links":{"self":[{"href":"https:\/\/www.centre-dermatologique.com\/index.php\/wp-json\/wp\/v2\/thefutur-portfolio\/12751","targetHints":{"allow":["GET"]}}],"collection":[{"href":"https:\/\/www.centre-dermatologique.com\/index.php\/wp-json\/wp\/v2\/thefutur-portfolio"}],"about":[{"href":"https:\/\/www.centre-dermatologique.com\/index.php\/wp-json\/wp\/v2\/types\/thefutur-portfolio"}],"author":[{"embeddable":true,"href":"https:\/\/www.centre-dermatologique.com\/index.php\/wp-json\/wp\/v2\/users\/6"}],"version-history":[{"count":1,"href":"https:\/\/www.centre-dermatologique.com\/index.php\/wp-json\/wp\/v2\/thefutur-portfolio\/12751\/revisions"}],"predecessor-version":[{"id":13018,"href":"https:\/\/www.centre-dermatologique.com\/index.php\/wp-json\/wp\/v2\/thefutur-portfolio\/12751\/revisions\/13018"}],"wp:featuredmedia":[{"embeddable":true,"href":"https:\/\/www.centre-dermatologique.com\/index.php\/wp-json\/wp\/v2\/media\/12945"}],"wp:attachment":[{"href":"https:\/\/www.centre-dermatologique.com\/index.php\/wp-json\/wp\/v2\/media?parent=12751"}],"wp:term":[{"taxonomy":"thefutur-portfolio-category","embeddable":true,"href":"https:\/\/www.centre-dermatologique.com\/index.php\/wp-json\/wp\/v2\/thefutur-portfolio-category?post=12751"},{"taxonomy":"thefutur-portfolio-tag","embeddable":true,"href":"https:\/\/www.centre-dermatologique.com\/index.php\/wp-json\/wp\/v2\/thefutur-portfolio-tag?post=12751"}],"curies":[{"name":"wp","href":"https:\/\/api.w.org\/{rel}","templated":true}]}}

<div class="wp-block-thefuturblocks-pin"><div class="wp-block-thefuturblocks-pin__content active-fb-50 pass-fb-50 r-order" data-anim="anim-t">
<div class="wp-block-thefuturblocks-pin-active"><div class="wp-block-thefuturblocks-pin-active__holder">
<h2 class="thefutur-mb-0 wp-block-heading" style="margin-top:32px;margin-bottom:0">Vellashape III</h2>


<div>Sorry, Portfolio Taxonomies block is available only for Futur Portfolio</div>


<p>Sa technologie de remodelage corporel basée sur la radiofréquence, permet de retendre la peau et de lutter efficacement contre la cellulite, l&rsquo;aspect peau d&rsquo;orange et le relachement cutanée.&nbsp;<br><br>Reconnu par la Food and Drug Administration (FDA) , ce traitement de médecine esthétique est basé sur une technologie révolutionnaire combinant la radiofréquence bipolaire, le laser infrarouge et les massages mécaniques. Non chirurgical et non invasif, il permet de réduire la cellulite, de remodeler le corps et de tonifier sa silhouette.<br><br>Cette technique permet de traiter aussi bien la cellulite localisée sur les cuisses, les hanches, la culotte de cheval, les fesses ou le ventre. Le mécanisme utilisé non seulement assouplit et dissout les cellules graisseuses, mais favorise également la circulation sanguine, le drainage lymphatique et la création de collagène.<br><br>Sans aucun effet secondaire, VelaShape III peut aussi être indiqué dans le remodelage post-liposuccion ou pour le traitement de la silhouette après grossesse.</p>



<div class="wp-block-group"><div class="wp-block-group__inner-container is-layout-flow wp-block-group-is-layout-flow">
<h5 class="wp-block-heading">Suivez-nous</h5>



<div class="wp-block-thefuturblocks-social row-v" style="justify-content:flex-start" data-hcolor="#1f1f1f"><div class="wp-block-thefuturblocks-social__profile"><a href="https://www.facebook.com/CLDRCentreLaserDermatologiqueRaphaelois" target="_blank" rel="noopener noreferrer"><svg aria-hidden="true" role="img" xmlns="http://www.w3.org/2000/svg" width="14" height="14" viewbox="0 0 320 512" class="modesticon modesticon-facebook"><path d="M279.14 288l14.22-92.66h-88.91v-60.13c0-25.35 12.42-50.06 52.24-50.06h40.42V6.26S260.43 0 225.36 0c-73.22 0-121.08 44.38-121.08 124.72v70.62H22.89V288h81.39v224h100.17V288z"></path></svg></a></div><div class="wp-block-thefuturblocks-social__profile"><a href="https://www.instagram.com/cldr83/" target="_blank" rel="noopener noreferrer"><svg aria-hidden="true" role="img" xmlns="http://www.w3.org/2000/svg" width="14" height="14" viewbox="0 0 24 24" class="modesticon modesticon-instagram"><path d="M12 2.163c3.204 0 3.584.012 4.85.07 3.252.148 4.771 1.691 4.919 4.919.058 1.265.069 1.645.069 4.849 0 3.205-.012 3.584-.069 4.849-.149 3.225-1.664 4.771-4.919 4.919-1.266.058-1.644.07-4.85.07-3.204 0-3.584-.012-4.849-.07-3.26-.149-4.771-1.699-4.919-4.92-.058-1.265-.07-1.644-.07-4.849 0-3.204.013-3.583.07-4.849.149-3.227 1.664-4.771 4.919-4.919 1.266-.057 1.645-.069 4.849-.069zm0-2.163c-3.259 0-3.667.014-4.947.072-4.358.2-6.78 2.618-6.98 6.98-.059 1.281-.073 1.689-.073 4.948 0 3.259.014 3.668.072 4.948.2 4.358 2.618 6.78 6.98 6.98 1.281.058 1.689.072 4.948.072 3.259 0 3.668-.014 4.948-.072 4.354-.2 6.782-2.618 6.979-6.98.059-1.28.073-1.689.073-4.948 0-3.259-.014-3.667-.072-4.947-.196-4.354-2.617-6.78-6.979-6.98-1.281-.059-1.69-.073-4.949-.073zm0 5.838c-3.403 0-6.162 2.759-6.162 6.162s2.759 6.163 6.162 6.163 6.162-2.759 6.162-6.163c0-3.403-2.759-6.162-6.162-6.162zm0 10.162c-2.209 0-4-1.79-4-4 0-2.209 1.791-4 4-4s4 1.791 4 4c0 2.21-1.791 4-4 4zm6.406-11.845c-.796 0-1.441.645-1.441 1.44s.645 1.44 1.441 1.44c.795 0 1.439-.645 1.439-1.44s-.644-1.44-1.439-1.44z"></path></svg></a></div></div>
</div></div>



<div class="wp-block-thefuturblocks-spacer has-60-height@large has-60-height@medium has-60-height@small"></div>
</div></div>



<div class="wp-block-thefuturblocks-pin-passive">
<figure class="wp-block-gallery columns-1 is-cropped wp-block-gallery-1 is-layout-flex wp-block-gallery-is-layout-flex"><ul class="blocks-gallery-grid"><li class="blocks-gallery-item"><figure><img decoding="async" width="1024" height="576" src="http://www.centre-dermatologique.com/wp-content/uploads/2021/09/minceur-mince-mincir-fesses-_abdo-ventreplat-cuisses-raffermissement-saintraphael-frejus-brignole-draguignan-__5-1024x576.png" alt="" data-id="12636" data-full-url="http://www.centre-dermatologique.com/wp-content/uploads/2021/09/minceur-mince-mincir-fesses-_abdo-ventreplat-cuisses-raffermissement-saintraphael-frejus-brignole-draguignan-__5.png" data-link="http://www.centre-dermatologique.com/minceur-mince-mincir-fesses-_abdo-ventreplat-cuisses-raffermissement-saintraphael-frejus-brignole-draguignan-__5/" class="wp-image-12636" srcset="https://www.centre-dermatologique.com/wp-content/uploads/2021/09/minceur-mince-mincir-fesses-_abdo-ventreplat-cuisses-raffermissement-saintraphael-frejus-brignole-draguignan-__5-1024x576.png 1024w, https://www.centre-dermatologique.com/wp-content/uploads/2021/09/minceur-mince-mincir-fesses-_abdo-ventreplat-cuisses-raffermissement-saintraphael-frejus-brignole-draguignan-__5-300x169.png 300w, https://www.centre-dermatologique.com/wp-content/uploads/2021/09/minceur-mince-mincir-fesses-_abdo-ventreplat-cuisses-raffermissement-saintraphael-frejus-brignole-draguignan-__5-768x432.png 768w, https://www.centre-dermatologique.com/wp-content/uploads/2021/09/minceur-mince-mincir-fesses-_abdo-ventreplat-cuisses-raffermissement-saintraphael-frejus-brignole-draguignan-__5-1536x864.png 1536w, https://www.centre-dermatologique.com/wp-content/uploads/2021/09/minceur-mince-mincir-fesses-_abdo-ventreplat-cuisses-raffermissement-saintraphael-frejus-brignole-draguignan-__5-1200x675.png 1200w, https://www.centre-dermatologique.com/wp-content/uploads/2021/09/minceur-mince-mincir-fesses-_abdo-ventreplat-cuisses-raffermissement-saintraphael-frejus-brignole-draguignan-__5.png 1920w" sizes="(max-width: 1084px) calc(100vw - 1.25rem*2 - 0.625rem*2), 1024px" /></figure></li></ul></figure>
</div>
</div></div>



<div style="height:72px" aria-hidden="true" class="wp-block-spacer"></div>


<div>Sorry, Post Navigation block is available only for Posts and Futur Portfolio</div>


<div style="height:84px" aria-hidden="true" class="wp-block-spacer"></div>
