{"id":11096,"date":"2021-01-17T17:22:54","date_gmt":"2021-01-17T17:22:54","guid":{"rendered":"https:\/\/futurtheme.maitreart.com\/?page_id=11096"},"modified":"2021-09-30T14:03:05","modified_gmt":"2021-09-30T12:03:05","slug":"about","status":"publish","type":"page","link":"https:\/\/www.centre-dermatologique.com\/index.php\/about\/","title":{"rendered":"Notre centre de Saint-Rapha\u00ebl"},"content":{"rendered":"\n<div class=\"wp-block-thefuturblocks-hero-image alignwide has-h-653-px@large has-h-400-px@medium has-h-400-px@small has-anim\"><div class=\"wp-block-thefuturblocks-hero-image__image image-contain parallax-top false\"><img decoding=\"async\" width=\"2037\" height=\"1637\" src=\"http:\/\/www.centre-dermatologique.com\/wp-content\/uploads\/2021\/09\/Photo-devanture.jpg\" alt=\"\" class=\"wp-image-12798\" srcset=\"https:\/\/www.centre-dermatologique.com\/wp-content\/uploads\/2021\/09\/Photo-devanture.jpg 2037w, https:\/\/www.centre-dermatologique.com\/wp-content\/uploads\/2021\/09\/Photo-devanture-300x241.jpg 300w, https:\/\/www.centre-dermatologique.com\/wp-content\/uploads\/2021\/09\/Photo-devanture-1024x823.jpg 1024w, https:\/\/www.centre-dermatologique.com\/wp-content\/uploads\/2021\/09\/Photo-devanture-768x617.jpg 768w, https:\/\/www.centre-dermatologique.com\/wp-content\/uploads\/2021\/09\/Photo-devanture-1536x1234.jpg 1536w, https:\/\/www.centre-dermatologique.com\/wp-content\/uploads\/2021\/09\/Photo-devanture-1200x964.jpg 1200w\" sizes=\"(max-width: 2097px) calc(100vw + 1.25rem*2 + 0.625rem*2), 2037px\" \/><\/div><div class=\"wp-block-thefuturblocks-hero-image__inner-wrapper position-middle-center has-40-w@large has-70-w@medium has-80-w@small\"><div class=\"wp-block-thefuturblocks-hero-image__inner-container\"><div class=\"wp-block-thefuturblocks-hero-image__inner\"><\/div><\/div><\/div><\/div>\n\n\n\n<div class=\"wp-block-thefuturblocks-spacer has-108-height@large has-80-height@medium has-64-height@small\"><\/div>\n\n\n\n<h3 class=\"has-text-align-center has-large-font-size wp-block-heading\" style=\"margin-bottom:0;line-height:1.33\">Notre centre est un plateau technique ultra moderne <br>situ\u00e9 en plein coeur de ville, en face de la gare SNCF de Saint Rapha\u00ebl (immeuble \u00ab le Stanislas \u00bb), d\u00e9di\u00e9 aux traitements de m\u00e9decine esth\u00e9tique et dermatologie :<\/h3>\n\n\n\n<div class=\"wp-block-thefuturblocks-spacer has-110-height@large has-80-height@medium has-64-height@small\"><\/div>\n\n\n\n<div class=\"wp-block-columns thefutur-gap-100 thefutur-gap-100@large thefutur-gap-40@medium thefutur-gap-40@small is-layout-flex wp-container-core-columns-is-layout-1 wp-block-columns-is-layout-flex\" style=\"margin-bottom:28px\">\n<div class=\"wp-block-column is-layout-flow wp-block-column-is-layout-flow\">\n<div class=\"wp-block-thefuturblocks-scroll-anim anim-fade-in\"><div class=\"wp-block-thefuturblocks-scroll-anim__inner\"><div class=\"wp-block-thefuturblocks-scroll-anim__holder\">\n<p>La comp\u00e9tence de notre \u00e9quipe ainsi que notre conception de l\u2019acc\u00e8s aux soins d\u2019esth\u00e9tique nous permet de proposer pour des tarifs tr\u00e8s raisonnables les \u00e9quipements les plus actuels, de notori\u00e9t\u00e9 mondiale Cynosure et Iridex, Lumenis et Lutronic, Radiofr\u00e9quence fractionn\u00e9e \u00e0 micro-aiguilles \u00ab\u00a0Secret\u00a0\u00bb, panneaux LED de DELEO, tout en exposant aux suites post-interventionnelles les plus minimes.<\/p>\n\n\n\n<p>Un choix de m\u00e9decins intervenants sur le site laser vous sera propos\u00e9 de fa\u00e7on \u00e0 satisfaire \u00e0 votre demande. Ces m\u00e9decins sont eux m\u00eames des praticiens habitu\u00e9s aux techniques de l\u2019esth\u00e9tique et \u00e0 la pratique des lasers.<\/p>\n\n\n\n<p>Enfin, votre prise en charge sera aussi assur\u00e9e par l\u2019une de nos collaboratrices, habitu\u00e9es \u00e0 ce type de soins et dont la pr\u00e9sence charmante est un atout pour vous familiariser en toute tranquillit\u00e9 avec ces techniques parfois un peu trop impressionnantes.<\/p>\n<\/div><\/div><\/div>\n<\/div>\n\n\n\n<div class=\"wp-block-column is-layout-flow wp-block-column-is-layout-flow\">\n<div class=\"wp-block-thefuturblocks-spacer has-30-height@small\"><\/div>\n\n\n\n<div class=\"wp-block-thefuturblocks-accordion-list\"><div class=\"wp-block-thefuturblocks-accordion-list__container has-1-columns@large has-1-columns@medium has-1-columns@small anim-reveal\">\n<div class=\"wp-block-thefuturblocks-accordion\"><div class=\"wp-block-thefuturblocks-accordion__wrapper\"><div class=\"wp-block-thefuturblocks-accordion__header\"><div class=\"wp-block-thefuturblocks-accordion__title-wrapper\"><h5 class=\"wp-block-thefuturblocks-accordion__title\">Contre les signes visibles du vieillissement cutan\u00e9<\/h5><\/div><div class=\"wp-block-thefuturblocks-accordion__button\"><span><\/span><span><\/span><\/div><\/div><div class=\"wp-block-thefuturblocks-accordion__inner open-acc\"><div class=\"wp-block-thefuturblocks-accordion__inner-holder\">\n<p>taches, rides et ridules, rel\u00e2chement (combinaison de laser fractionn\u00e9 &amp; d\u2019IPL).<\/p>\n<\/div><\/div><\/div><\/div>\n\n\n\n<div class=\"wp-block-thefuturblocks-accordion\"><div class=\"wp-block-thefuturblocks-accordion__wrapper\"><div class=\"wp-block-thefuturblocks-accordion__header\"><div class=\"wp-block-thefuturblocks-accordion__title-wrapper\"><h5 class=\"wp-block-thefuturblocks-accordion__title\">Pour l\u2019\u00e9pilation longue dur\u00e9e<\/h5><\/div><div class=\"wp-block-thefuturblocks-accordion__button\"><span><\/span><span><\/span><\/div><\/div><div class=\"wp-block-thefuturblocks-accordion__inner\"><div class=\"wp-block-thefuturblocks-accordion__inner-holder\">\n<p>voire d\u00e9finitive, par les sources de lumi\u00e8re reconnues de nos jours comme indispensables :<\/p>\n\n\n\n<ul class=\"wp-block-list\"><li>Laser esth\u00e9tique CLDR Saint-Raphael<\/li><li>Laser Nd Yag pour les peaux mates.<\/li><li>Laser Alexandrite pour les peaux claires \u00e0 tr\u00e8s claires.<\/li><\/ul>\n<\/div><\/div><\/div><\/div>\n\n\n\n<div class=\"wp-block-thefuturblocks-accordion\"><div class=\"wp-block-thefuturblocks-accordion__wrapper\"><div class=\"wp-block-thefuturblocks-accordion__header\"><div class=\"wp-block-thefuturblocks-accordion__title-wrapper\"><h5 class=\"wp-block-thefuturblocks-accordion__title\">Contre la couperose<\/h5><\/div><div class=\"wp-block-thefuturblocks-accordion__button\"><span><\/span><span><\/span><\/div><\/div><div class=\"wp-block-thefuturblocks-accordion__inner\"><div class=\"wp-block-thefuturblocks-accordion__inner-holder\">\n<ul class=\"wp-block-list\"><li>&#8211; Laser KTP (Laserscope) ou \u00e0 l\u2019IPL 560 nm et surtout le Laser \u00e0 colorant puls\u00e9 V Beam de Candela.<\/li><\/ul>\n<\/div><\/div><\/div><\/div>\n\n\n\n<div class=\"wp-block-thefuturblocks-accordion\"><div class=\"wp-block-thefuturblocks-accordion__wrapper\"><div class=\"wp-block-thefuturblocks-accordion__header\"><div class=\"wp-block-thefuturblocks-accordion__title-wrapper\"><h5 class=\"wp-block-thefuturblocks-accordion__title\">Pour att\u00e9nuer et faire dispara\u00eetre les tatouages :<\/h5><\/div><div class=\"wp-block-thefuturblocks-accordion__button\"><span><\/span><span><\/span><\/div><\/div><div class=\"wp-block-thefuturblocks-accordion__inner\"><div class=\"wp-block-thefuturblocks-accordion__inner-holder\">\n<ul class=\"wp-block-list\"><li>Laser Nd Yag Q-switch\u00e9.<\/li><\/ul>\n<\/div><\/div><\/div><\/div>\n\n\n\n<div class=\"wp-block-thefuturblocks-accordion\"><div class=\"wp-block-thefuturblocks-accordion__wrapper\"><div class=\"wp-block-thefuturblocks-accordion__header\"><div class=\"wp-block-thefuturblocks-accordion__title-wrapper\"><h5 class=\"wp-block-thefuturblocks-accordion__title\">Pour remodeler sa plastique et tonifier sa silhouette gr\u00e2ce aux meilleures techniques :<\/h5><\/div><div class=\"wp-block-thefuturblocks-accordion__button\"><span><\/span><span><\/span><\/div><\/div><div class=\"wp-block-thefuturblocks-accordion__inner\"><div class=\"wp-block-thefuturblocks-accordion__inner-holder\">\n<ul class=\"wp-block-list\"><li>Cryolipolyse<\/li><li>Vellashape III<\/li><li>Electro stimulation HIFEM (High Frequency Electro Myostimulation)<\/li><\/ul>\n<\/div><\/div><\/div><\/div>\n<\/div><\/div>\n<\/div>\n<\/div>\n\n\n\n<div class=\"wp-block-thefuturblocks-spacer has-98-height@large has-80-height@medium has-64-height@small\"><\/div>\n\n\n\n<div class=\"wp-block-thefuturblocks-spacer has-10-height@large\"><\/div>\n","protected":false},"excerpt":{"rendered":"<p>Notre centre est un plateau technique ultra moderne situ\u00e9 en plein coeur de ville, en face de la gare SNCF de Saint Rapha\u00ebl (immeuble \u00ab le Stanislas \u00bb), d\u00e9di\u00e9 aux traitements de m\u00e9decine esth\u00e9tique et dermatologie :<\/p>\n","protected":false},"author":1,"featured_media":0,"parent":0,"menu_order":0,"comment_status":"closed","ping_status":"closed","template":"","meta":{"_thefuturmeta_header_display":true,"_thefuturmeta_header_style":"style-one","_thefuturmeta_header_border":false,"_thefuturmeta_header_main_nav":true,"_thefuturmeta_header_main_nav_pos":"right","_thefuturmeta_header_main_nav_light":false,"_thefuturmeta_header_sec_nav_style":"empty","_thefuturmeta_header_sec_nav":true,"_thefuturmeta_header_sec_nav_light":false,"_thefuturmeta_header_sec_logo":false,"_thefuturmeta_header_bg":"light","_thefuturmeta_header_sticky":true,"_thefuturmeta_header_woo_my_acc_display":false,"_thefuturmeta_header_woo_cart_display":false,"_thefuturmeta_header_woo_icon_light":false,"_thefuturmeta_header_sticky_style":"style-one","_thefuturmeta_header_sticky_main_nav":true,"_thefuturmeta_header_sticky_border":true,"_thefuturmeta_header_sticky_main_nav_pos":"right","_thefuturmeta_header_sticky_main_nav_light":false,"_thefuturmeta_header_sticky_sec_nav_style":"empty","_thefuturmeta_header_sticky_sec_nav":true,"_thefuturmeta_header_sticky_sec_nav_light":false,"_thefuturmeta_header_sticky_sec_logo":false,"_thefuturmeta_header_sticky_bg":"light","_thefuturmeta_header_sticky_woo_my_acc_display":false,"_thefuturmeta_header_sticky_woo_cart_display":false,"_thefuturmeta_header_sticky_woo_icon_light":false,"_thefuturmeta_footer_widget":true,"_thefuturmeta_footer_info":true,"_thefuturmeta_footer_fixed":true,"_thefuturmeta_main_cont_padding_top":90,"_thefuturmeta_main_cont_padding_bot":90,"_thefuturmeta_cursor_circle_light":false,"_thefuturmeta_post_title_visibility":false,"_thefuturmeta_post_title_alignment":"","_thefuturmeta_post_layout":"","_thefuturmeta_post_static_id":0,"_thefuturmeta_post_loader":false,"_thefuturmeta_post_title_color":"#1f1f1f","_thefuturmeta_post_bg_color":"#f7f8f9","footnotes":""},"class_list":["post-11096","page","type-page","status-publish","hentry"],"_links":{"self":[{"href":"https:\/\/www.centre-dermatologique.com\/index.php\/wp-json\/wp\/v2\/pages\/11096","targetHints":{"allow":["GET"]}}],"collection":[{"href":"https:\/\/www.centre-dermatologique.com\/index.php\/wp-json\/wp\/v2\/pages"}],"about":[{"href":"https:\/\/www.centre-dermatologique.com\/index.php\/wp-json\/wp\/v2\/types\/page"}],"author":[{"embeddable":true,"href":"https:\/\/www.centre-dermatologique.com\/index.php\/wp-json\/wp\/v2\/users\/1"}],"replies":[{"embeddable":true,"href":"https:\/\/www.centre-dermatologique.com\/index.php\/wp-json\/wp\/v2\/comments?post=11096"}],"version-history":[{"count":0,"href":"https:\/\/www.centre-dermatologique.com\/index.php\/wp-json\/wp\/v2\/pages\/11096\/revisions"}],"wp:attachment":[{"href":"https:\/\/www.centre-dermatologique.com\/index.php\/wp-json\/wp\/v2\/media?parent=11096"}],"curies":[{"name":"wp","href":"https:\/\/api.w.org\/{rel}","templated":true}]}}